(-1) is divided by m(h)?
3
What is the remainder when 4/10 - 486/(-10) is divided by 17?
15
Suppose -3*m + 4*m - 3 = 0. Suppose -5*p = m*j - 93, 0 = 3*j + 2*p - 81 - 12. Calculate the remainder when j is divided by 8.
7
Suppose 0 = 5*b - 0 - 20. Suppose 10 + 8 = 2*a. Calculate the remainder when a is divided by 10/(b*1/2).
4
Let j(o) = -8*o**3 - 7*o**2 + o + 1. What is the remainder when j(-3) is divided by 51?
49
Let b(l) = l**3 + 7*l**2 + 7*l + 6. Let n be b(-6). Suppose n = 2*t - 4*k + 1 - 27, 3*k = t - 13. What is the remainder when t is divided by 7?
6
Suppose 0*f + 45 = 5*f. Calculate the remainder when (f - 5)*34/8 is divided by 10.
7
Let t be (26/3)/(4/6). Suppose 3*g + 2*u = t, g - 3*u = -2*u + 1. Let z = 60 - 53. What is the remainder when z is divided by g?
1
Calculate the remainder when 38 is divided by (-4)/(1 - 5)*13.
12
Let d = 3 - -3. Suppose -4*x = -5*n + 6 + 3, -2*x = -4*n + d. Let s = 1 - x. What is the remainder when s is divided by 2?
0
Suppose d - 6*d - 5 = 0. Let b(k) = -k**2 - 20*k + 37. What is the remainder when b(-19) is divided by (-2 - -1) + 21 + d?
18
Let o = 21 + -5. Calculate the remainder when 45 is divided by o.
13
Let y = -5 - -20. Calculate the remainder when 40 is divided by y.
10
Let f = -47 + 57. Calculate the remainder when f is divided by 4.
2
Suppose 40 = h - 103. Suppose 0 = 5*g - t - h - 187, -340 = -5*g - t. Calculate the remainder when g/3 + 4/6 is divided by 8.
7
Suppose 2*n - 1 = 4*b - 5*b, 4*b + n = 25. Let i(m) = 2 + 9*m + 6*m**2 - 5 - m**3 - 2. Calculate the remainder when 26 is divided by i(b).
8
Let v = 30 - -138. Suppose 0 = -4*g + v - 32. Calculate the remainder when g is divided by 18.
16
Let d = -9 - -6. Let s = d + 8. Let y(l) = -l**2 + 4*l + 7. What is the remainder when 4 is divided by y(s)?
0
Let k be ((-3)/(-2))/(5/10). Suppose d + k*d = -2*f + 50, -d + 5*f + 7 = 0. What is the remainder when 21 is divided by d?
9
Let r = 37 + -7. What is the remainder when r is divided by 11?
8
Calculate the remainder when 13/(1 - (-3)/(-6)) is divided by 14.
12
Let x(w) = -2*w - 11. Calculate the remainder when 33 is divided by x(-10).
6
Let a = 3 - -4. Calculate the remainder when 32 is divided by a.
4
Let a(d) = -7*d**2 - 3*d + 1. Let c(x) = -x**3 + x**2. Let f(s) = -a(s) - c(s). Let i = -6 + 2. What is the remainder when 37 is divided by f(i)?
18
Let a(j) = 2*j**2 - 8. What is the remainder when 18 is divided by a(-3)?
8
Let o(w) be the third derivative of w**4/6 - w**3 + 2*w**2. What is the remainder when o(8) is divided by 10?
6
Let l(s) = -s**3 + 11*s**2 + 2*s - 14. Let y(d) = d**3 - 10*d**2 + 10*d - 4. What is the remainder when l(11) is divided by y(9)?
3
Suppose 0 - 20 = -4*l. Suppose -l*h = -4*g - 55, 63 = 5*h + 4*g + 8. What is the remainder when 30 is divided by h?
8
Let u(c) = 8*c + 3. Suppose 0 = -h + 3 - 4, 5*f + h = 529. What is the remainder when f is divided by u(3)?
25
Let s = -1 - -31. Let k = -4 + 0. What is the remainder when s is divided by (k/(-5))/(-1)*-20?
14
Let l = 2 + -2. Suppose -3*z = -l*z - 24. Calculate the remainder when (14/5)/(2/10) is divided by z.
6
Suppose -3*n = -3 - 3. Suppose -n*j + 40 = 2*j. What is the remainder when 28 is divided by j?
8
Let j = 58 - 48. What is the remainder when 17 is divided by j?
7
Suppose 296 = -4*h + 8*h. What is the remainder when h is divided by 19?
17
What is the remainder when 2/5 + 4116/60 is divided by 18?
15
Suppose -60 = 3*p - 8*p - 3*m, 3*m = -p. Calculate the remainder when 59 is divided by p.
14
Let g = -3 - -6. Suppose -t + 7 = g. What is the remainder when 7 is divided by t?
3
Let g(y) = -20*y**3 + y**2. Calculate the remainder when (64/20)/(192/(-100) - -2) is divided by g(-1).
19
Suppose 13*w - 18*w + 10 = 0. What is the remainder when 4/(-18) + (-29)/(-9) is divided by w?
1
Suppose 0 = t - 0 - 12. Calculate the remainder when 33 is divided by t.
9
Let k(p) be the first derivative of 15*p**2/2 - 1. Let j be k(3). Let u = j - 26. Calculate the remainder when u is divided by 7.
5
Let y = 136 - 132. What is the remainder when 82 is divided by y?
2
Suppose 0 = -0*w - w + 3*x + 16, -3*w + 13 = -2*x. Let o(h) = 4*h**3 - h**2. What is the remainder when 9 is divided by o(w)?
0
Let v(u) = u**3 - 3*u**2 + 2*u - 5. What is the remainder when 36 is divided by v(4)?
17
Let o(y) = 10*y - 3. Suppose a = -2, 0 = -0*u - u + 5*a + 21. Let r = -4 + u. What is the remainder when o(r) is divided by 23?
21
Calculate the remainder when -3 - -132 - (1 + 0) is divided by 65.
63
Suppose -12 = -3*a - 0. Let l = 2 + 0. Suppose -d = -5*z - l*d + 29, -a*d - 28 = -4*z. What is the remainder when 17 is divided by z?
5
Suppose n - 9 = -4*m, -5 = 5*m - 3*n + n. Let j = -4 + 6. What is the remainder when j is divided by m?
0
Let t(w) = 33*w + 22. What is the remainder when t(3) is divided by 61?
60
Suppose -204 = -4*o + 2*m, 5*o = 2*m + 16 + 238. Calculate the remainder when o is divided by 17.
16
Calculate the remainder when 3 is divided by 80/25 - (-3)/(-15).
0
Let n(d) = -6*d + 4. What is the remainder when n(-3) is divided by (-17 + 5)*(0 - 1)?
10
Let i(r) = -39*r - 4. Let d(y) = 40*y + 3. Let j(h) = -3*d(h) - 2*i(h). Let b = 37 + -23. What is the remainder when j(-1) is divided by b?
13
Calculate the remainder when (3*-25)/((126/(-30))/7) is divided by 16.
13
Let n be (-2 + 17)*1/3. Suppose f = n*f + 2*h - 18, -f + 9 = 5*h. Let a(s) = 2*s**2 - 5*s - 1. What is the remainder when a(4) is divided by f?
3
Suppose -h - 1 = 0, -57 = -4*d + 6*h - h. Let m = d - 8. What is the remainder when 14 is divided by m?
4
Let t(u) = -u**3 - 15*u**2 - 2*u - 13. Suppose 0 = 4*g - 5*g + 6. What is the remainder when t(-15) is divided by g?
5
Let a(h) = -h + 5. Let c(w) = 5*w - 21. Let z(p) = -9*a(p) - 2*c(p). Calculate the remainder when 52*(1 + (-9)/12) is divided by z(-8).
3
Let o = 10 + -6. Suppose x = 0, 4*x = o*k - 10 - 74. What is the remainder when 40 is divided by k?
19
Let t = -13 + 19. Let l(z) = -4*z. What is the remainder when t is divided by l(-1)?
2
Suppose -4*u = 2*u - 246. Let w = -89 - -131. Suppose -3*v + 0*v + w = 0. Calculate the remainder when u is divided by v.
13
Suppose -9 = -2*v - 1. Let z = -4 + -5. Let j = z - -12. What is the remainder when v is divided by j?
1
Let j(v) = 49*v**3 - v**2 - 2*v. Let u be j(2). What is the remainder when u/10 - 15/(-25) is divided by 20?
19
Suppose 24*r - 20*r - 860 = 0. What is the remainder when r is divided by 31?
29
Suppose 0 = 5*m - 65 - 0. Let c be ((-40)/3)/(5/(-15)). Suppose 4*l = -v + 90, 3*v = -3*l + l + c. Calculate the remainder when l is divided by m.
10
Suppose -o - 66 = -75. What is the remainder when o is divided by ((0 - -1)*8)/2?
1
Let a = -53 + 54. Let o = 2 + -3. What is the remainder when 2 is divided by 6/(-6)*a/o?
0
Suppose g - 44 = -3*g. Let t = g + -7. What is the remainder when 6 is divided by t?
2
Let k = 8 - 8. Suppose -3*l = -5*j - 1 - 6, k = 3*j + 2*l + 8. Calculate the remainder when 18*((-21)/(-6) + j) is divided by 10.
7
Suppose l + 30 = 3*l. Suppose 84 = -0*p + 2*p + 4*y, y - 84 = -2*p. Calculate the remainder when p is divided by l.
12
Let m = -13 + 18. Let v = -1 + m. Suppose v*k - 8*k = -44. What is the remainder when 20 is divided by k?
9
Let v(q) = q**3 + 8 + 4 + 2*q**2 - 8*q**2 + 3*q + 0*q**2. Calculate the remainder when v(6) is divided by 17.
13
Suppose -5*m = -448 - 392. What is the remainder when m is divided by 19?
16
Let t be (-24)/8*(-4)/6. Suppose -2*x - 6 = -2*l, 10 = -0*l + t*l. Let k(i) = -i**3 + 5*i**2 - 3*i - 1. What is the remainder when k(4) is divided by x?
1
Let j be (10 - 6)/(1/(-1)). Let k be 6/(-8) - 3/j. Suppose 0 = d - k - 5. What is the remainder when 12 is divided by d?
2
Let g(q) = -q + 1. Let v be g(-3). Suppose -v*s - 58 = -6*s. Calculate the remainder when s is divided by 10.
9
Suppose 0 = 5*l + 5*c, l + 3*c - 18 = 8*c. Let y(z) = z**3 + 5*z**2 + 4*z + 1. Calculate the remainder when l is divided by y(-4).
0
Let a(u) = 8*u - 22. What is the remainder when a(6) is divided by 16?
10
Suppose -2*i = x - 55, 0 = 5*x + 5*i - 91 - 189. What is the remainder when 14 is divided by x/11 + (-8)/44?
4
Let w be 4 - (-1)/((-2)/6). Calculate the remainder when 63 is divided by w/((-75)/39 - -2).
11
Suppose 9*s - 11*s + 22 = 0. What is the remainder